
38
What is the remainder when 955789 is divided by 318591?
16
Calculate the remainder when 3934 is divided by 71.
29
What is the remainder when 3077 is divided by 608?
37
Calculate the remainder when 1661 is divided by 227.
72
Calculate the remainder when 141734 is divided by 5.
4
What is the remainder when 208935 is divided by 82?
81
Calculate the remainder when 1937039 is divided by 453.
11
Calculate the remainder when 4292 is divided by 480.
452
What is the remainder when 129195 is divided by 304?
299
Calculate the remainder when 15533 is divided by 4528.
1949
What is the remainder when 105306 is divided by 93?
30
Calculate the remainder when 61938 is divided by 58.
52
Calculate the remainder when 4095 is divided by 172.
139
Calculate the remainder when 13788 is divided by 250.
38
What is the remainder when 8785 is divided by 58?
27
Calculate the remainder when 5410 is divided by 62.
16
What is the remainder when 16476 is divided by 61?
6
What is the remainder when 168181 is divided by 797?
14
What is the remainder when 6721 is divided by 192?
1
What is the remainder when 73298 is divided by 539?
533
Calculate the remainder when 9697 is divided by 869.
138
Calculate the remainder when 6416 is divided by 494.
488
What is the remainder when 43472 is divided by 10856?
48
What is the remainder when 3071 is divided by 262?
189
What is the remainder when 19673 is divided by 19649?
24
Calculate the remainder when 17648 is divided by 8822.
4
Calculate the remainder when 710 is divided by 244.
222
What is the remainder when 47453 is divided by 114?
29
Calculate the remainder when 42265 is divided by 21132.
1
What is the remainder when 40311 is divided by 30?
21
What is the remainder when 705 is divided by 186?
147
What is the remainder when 143 is divided by 60?
23
Calculate the remainder when 63 is divided by 8.
7
What is the remainder when 267303 is divided by 164?
147
Calculate the remainder when 33748 is divided by 25.
23
Calculate the remainder when 62228 is divided by 22.
12
What is the remainder when 5265 is divided by 405?
0
What is the remainder when 8086 is divided by 1494?
616
Calculate the remainder when 55516 is divided by 106.
78
What is the remainder when 2625 is divided by 633?
93
Calculate the remainder when 55991 is divided by 933.
11
Calculate the remainder when 214499 is divided by 330.
329
Calculate the remainder when 802114 is divided by 28.
26
What is the remainder when 1109 is divided by 468?
173
What is the remainder when 6383 is divided by 30?
23
What is the remainder when 39719 is divided by 356?
203
What is the remainder when 523 is divided by 88?
83
What is the remainder when 2258 is divided by 466?
394
Calculate the remainder when 27458 is divided by 6864.
2
What is the remainder when 35684 is divided by 4?
0
Calculate the remainder when 11750 is divided by 334.
60
Calculate the remainder when 49695 is divided by 9930.
45
Calculate the remainder when 11718 is divided by 561.
498
What is the remainder when 11290 is divided by 5600?
90
Calculate the remainder when 24058 is divided by 24045.
13
What is the remainder when 213688 is divided by 71221?
25
Calculate the remainder when 2686 is divided by 2264.
422
What is the remainder when 65964 is divided by 838?
600
What is the remainder when 6334768 is divided by 74?
72
What is the remainder when 2767 is divided by 108?
67
Calculate the remainder when 74343 is divided by 769.
519
Calculate the remainder when 1148 is divided by 116.
104
What is the remainder when 27079 is divided by 7?
3
What is the remainder when 2660 is divided by 472?
300
Calculate the remainder when 7808 is divided by 650.
8
What is the remainder when 54881 is divided by 9136?
65
Calculate the remainder when 32011 is divided by 7992.
43
What is the remainder when 7370 is divided by 63?
62
Calculate the remainder when 1726679 is divided by 246668.
3
What is the remainder when 15357 is divided by 30?
27
Calculate the remainder when 522776 is divided by 19.
10
Calculate the remainder when 12864 is divided by 6318.
228
What is the remainder when 4517 is divided by 4361?
156
Calculate the remainder when 22847 is divided by 108.
59
What is the remainder when 127090 is divided by 614?
606
What is the remainder when 1936 is divided by 1886?
50
What is the remainder when 2607 is divided by 734?
405
What is the remainder when 329283 is divided by 382?
381
What is the remainder when 22203 is divided by 11096?
11
What is the remainder when 33890 is divided by 21?
17
Calculate the remainder when 17270 is divided by 392.
22
What is the remainder when 1768 is divided by 64?
40
What is the remainder when 48203 is divided by 67?
30
Calculate the remainder when 38133 is divided by 31.
3
Calculate the remainder when 1296 is divided by 167.
127
Calculate the remainder when 151945 is divided by 3533.
26
What is the remainder when 3730 is divided by 33?
1
Calculate the remainder when 92149 is divided by 353.
16
Calculate the remainder when 35616 is divided by 5.
1
What is the remainder when 9635 is divided by 165?
65
Calculate the remainder when 3611 is divided by 212.
7
Calculate the remainder when 277891 is divided by 92628.
7
Calculate the remainder when 26541 is divided by 5.
1
What is the remainder when 1262 is divided by 659?
603
What is the remainder when 446855 is divided by 223426?
3
Calculate the remainder when 53919 is divided by 13476.
15
What is the remainder when 7581 is divided by 1889?
25
Calculate the remainder when 2053217 is divided by 530.
527
Calculate the remainder when 407450 is divided by 65.
30
What is the remainder when 224505 is divided by 121?
50
What is the remainder when 581519 is divided by 196?
183
Calculate the remainder when 2385257 is divided by 2385257.
0
What is the remainder when 681 is divided by 543?
138
Calculate the remainder when 234880 is divided by 46973.
15
Calculate the remainder when 65220 is divided by 1584.
276
What is the remainder when 21411 is divided by 723?
444
What is the remainder when 154764 is divided by 1701?
1674
What is the remainder when 852 is divided by 245?
117
What is the remainder when 27455 is divided by 686?
15
What is the remainder when 81281 is divided by 138?
137
Calculate the remainder when 1033 is divided by 343.
4
Calculate the remainder when 45969 is divided by 1149.
9
Calculate the remainder when 3398 is divided by 85.
83
Calculate the remainder when 157591 is divided by 31499.
96
Calculate the remainder when 950 is divided by 192.
182
What is the remainder when 4251 is divided by 2096?
59
What is the remainder when 1366 is divided by 130?
66
Calculate the remainder when 49851 is divided by 792.
747
What is the remainder when 105404 is divided by 61?
57
What is the remainder when 485283 is divided by 58?
55
What is the remainder when 32826 is divided by 3646?
12
Calculate the remainder when 70341 is divided by 7017.
171
Calculate the remainder when 184053 is divided by 41.
4
Calculate the remainder when 6617 is divided by 3288.
41
What is the remainder when 19053 is divided by 26?
21
What is the remainder when 978 is divided by 242?
10
What is the remainder when 66531 is divided by 370?
301
What is the remainder when 11162 is divided by 34?
10
What is the remainder when 35135 is divided by 11703?
26
What is the remainder when 424887 is divided by 18?
15
What is the remainder when 709603 is divided by 16?
3
What is the remainder when 1537013 is divided by 178?
161
What is the remainder when 120555 is divided by 213?
210
What is the remainder when 10092 is divided by 27?
21
What is the remainder when 7371 is divided by 30?
21
Calculate the remainder when 33130 is divided by 32740.
390
What is the remainder when 447498 is divided by 358?
356
Calculate the remainder when 323001 is divided by 746.
729
What is the remainder when 8746 is divided by 22?
12
What is the remainder when 15138 is divided by 437?
280
What is the remainder when 17444 is divided by 5797?
53
Calculate the remainder when 1400837 is divided by 23.
22
What is the remainder when 118357 is divided by 118354?
3
What is the remainder when 6693074 is divided by 43?
38
What is the remainder when 5021772 is divided by 55?
52
What is the remainder when 10549 is divided by 620?
9
What is t